 the prime factors of 1903?
11, 173
List the prime factors of 250.
2, 5
What are the prime factors of 1094?
2, 547
List the prime factors of 9026.
2, 4513
What are the prime factors of 2394?
2, 3, 7, 19
List the prime factors of 1974.
2, 3, 7, 47
What are the prime factors of 48327?
3, 89, 181
What are the prime factors of 682?
2, 11, 31
List the prime factors of 32892.
2, 3, 2741
What are the prime factors of 6606?
2, 3, 367
What are the prime factors of 4942?
2, 7, 353
List the prime factors of 3812.
2, 953
List the prime factors of 14560.
2, 5, 7, 13
List the prime factors of 962.
2, 13, 37
List the prime factors of 41747.
109, 383
List the prime factors of 31250.
2, 5
What are the prime factors of 484?
2, 11
List the prime factors of 851.
23, 37
List the prime factors of 10275.
3, 5, 137
What are the prime factors of 12534?
2, 3, 2089
List the prime factors of 509.
509
What are the prime factors of 504?
2, 3, 7
List the prime factors of 704.
2, 11
What are the prime factors of 2482?
2, 17, 73
List the prime factors of 2950.
2, 5, 59
List the prime factors of 7445.
5, 1489
List the prime factors of 2165.
5, 433
What are the prime factors of 2820?
2, 3, 5, 47
What are the prime factors of 8773?
31, 283
What are the prime factors of 29984?
2, 937
List the prime factors of 21880.
2, 5, 547
List the prime factors of 15965.
5, 31, 103
List the prime factors of 3986.
2, 1993
List the prime factors of 738.
2, 3, 41
List the prime factors of 31.
31
What are the prime factors of 4444?
2, 11, 101
List the prime factors of 2480.
2, 5, 31
List the prime factors of 85554.
2, 3, 7, 97
What are the prime factors of 5546?
2, 47, 59
What are the prime factors of 170854?
2, 85427
What are the prime factors of 1084?
2, 271
What are the prime factors of 347?
347
What are the prime factors of 3199?
7, 457
List the prime factors of 91434.
2, 3, 7, 311
List the prime factors of 4530.
2, 3, 5, 151
List the prime factors of 2315.
5, 463
What are the prime factors of 60203?
11, 13, 421
What are the prime factors of 37751?
7, 5393
What are the prime factors of 1112?
2, 139
What are the prime factors of 1262?
2, 631
List the prime factors of 59654.
2, 7, 4261
List the prime factors of 50323.
7, 13, 79
List the prime factors of 8657.
11, 787
List the prime factors of 53096.
2, 6637
List the prime factors of 1196.
2, 13, 23
What are the prime factors of 61646?
2, 13, 2371
What are the prime factors of 11730?
2, 3, 5, 17, 23
List the prime factors of 4846.
2, 2423
What are the prime factors of 94664?
2, 11833
What are the prime factors of 12871?
61, 211
List the prime factors of 101234.
2, 7, 1033
List the prime factors of 7679.
7, 1097
What are the prime factors of 47238?
2, 3, 7873
What are the prime factors of 1749?
3, 11, 53
What are the prime factors of 5730?
2, 3, 5, 191
List the prime factors of 9475.
5, 379
What are the prime factors of 7255?
5, 1451
List the prime factors of 4563.
3, 13
What are the prime factors of 900?
2, 3, 5
What are the prime factors of 473?
11, 43
List the prime factors of 1364.
2, 11, 31
What are the prime factors of 1848?
2, 3, 7, 11
List the prime factors of 2316.
2, 3, 193
List the prime factors of 80.
2, 5
What are the prime factors of 1871?
1871
What are the prime factors of 16866?
2, 3, 937
What are the prime factors of 199654?
2, 7, 13, 1097
List the prime factors of 40817.
7, 17
What are the prime factors of 14349?
3, 4783
List the prime factors of 357.
3, 7, 17
List the prime factors of 6730.
2, 5, 673
What are the prime factors of 4805?
5, 31
What are the prime factors of 759?
3, 11, 23
List the prime factors of 12972.
2, 3, 23, 47
List the prime factors of 151775.
5, 13, 467
What are the prime factors of 9430?
2, 5, 23, 41
List the prime factors of 1474.
2, 11, 67
List the prime factors of 13882.
2, 11, 631
What are the prime factors of 4588?
2, 31, 37
What are the prime factors of 60129?
3, 17, 131
What are the prime factors of 16437?
3, 5479
List the prime factors of 51791.
67, 773
What are the prime factors of 1784?
2, 223
What are the prime factors of 482?
2, 241
List the prime factors of 127736.
2, 7, 2281
What are the prime factors of 299?
13, 23
List the prime factors of 7295.
5, 1459
What are the prime factors of 4973?
4973
What are the prime factors of 1731?
3, 577
List the prime factors of 30.
2, 3, 5
List the prime factors of 9645.
3, 5, 643
What are the prime factors of 3851?
3851
List the prime factors of 165178.
2, 13, 6353
List the prime factors of 191.
191
List the prime factors of 498.
2, 3, 83
List the prime factors of 44588.
2, 71, 157
List the prime factors of 3365.
5, 673
List the prime factors of 801.
3, 89
List the prime factors of 265.
5, 53
List the prime factors of 4584.
2, 3, 191
What are the prime factors of 3632?
2, 227
What are the prime factors of 39145?
5, 7829
What are the prime factors of 5211?
3, 193
List the prime factors of 762.
2, 3, 127
List the prime factors of 290.
2, 5, 29
What are the prime factors of 2431?
11, 13, 17
What are the prime factors of 3214?
2, 1607
What are the prime factors of 23104?
2, 19
List the prime factors of 67830.
2, 3, 5, 7, 17, 19
What are the prime factors of 3027?
3, 1009
What are the prime factors of 5575?
5, 223
List the prime factors of 2585.
5, 11, 47
What are the prime factors of 956?
2, 239
List the prime factors of 371.
7, 53
What are the prime factors of 4242?
2, 3, 7, 101
List the prime factors of 45738.
2, 3, 7, 11
What are the prime factors of 23545?
5, 17, 277
What are the prime factors of 11373?
3, 17, 223
List the prime factors of 31788.
2, 3, 883
List the prime factors of 457.
457
List the prime factors of 3280.
2, 5, 41
List the prime factors of 118977.
3, 39659
List the prime factors of 287.
7, 41
List the prime factors of 9448.
2, 1181
What are the prime factors of 33418?
2, 7, 11, 31
What are the prime factors of 33?
3, 11
What are the prime factors of 2964?
2, 3, 13, 19
List the prime factors of 3115.
5, 7, 89
What are the prime factors of 1479?
3, 17, 29
What are the prime factors of 529?
23
What are the prime factors of 45159?
3, 15053
What are the prime factors of 5541?
3, 1847
What are the prime factors of 2992?
2, 11, 17
List the prime factors of 2706.
2, 3, 11, 41
What are the prime factors of 695?
5, 139
What are the prime factors of 39413?
11, 3583
List the prime factors of 10711.
10711
What are the prime factors of 503?
503
List the prime factors of 11847.
3, 11, 359
List the prime factors of 2905.
5, 7, 83
List the prime factors of 147.
3, 7
List the prime factors of 5599.
11, 509
List the prime factors of 12467.
7, 13, 137
What are the prime factors of 143614?
2, 71807
What are the prime factors of 52953?
3, 19, 929
What are the prime factors of 23?
23
What are the prime factors of 2350?
2, 5, 47
What are the prime factors of 10524?
2, 3, 877
List the prime factors of 1148.
2, 7, 41
What are the prime factors of 375?
3, 5
What are the prime factors of 7152?
2, 3, 149
What are the prime factors of 5816?
2, 727
List the prime factors of 17372.
2, 43, 101
List the prime factors of 69629.
7, 29
What are the prime factors of 659?
659
What are the prime factors of 6463?
23, 281
List the prime factors of 4943.
4943
List the prime factors of 3416.
2, 7, 61
List the prime factors of 47346.
2, 3, 13, 607
List the prime factors of 3348.
2, 3, 31
List the prime factors of 3982.
2, 11, 181
List the prime factors of 56620.
2, 5, 19, 149
What are the prime factors of 93357?
3, 11, 23, 41
List the prime factors of 3032.
2, 379
List the prime factors of 62.
2, 31
List the prime factors of 2739.
3, 11, 83
What are the prime factors of 124367?
124367
List the prime factors of 31373.
137, 229
What are the prime factors of 12677?
7, 1811
What are the prime factors of 57145?
5, 11, 1039
List the prime factors of 762.
2, 3, 127
What are the prime factors of 3007?
31, 97
List the prime factors of 292.
2, 73
List the prime factors of 1598.
2, 17, 47
List the prime factors of 56974.
2, 61, 467
What are the prime factors of 124666?
2, 83, 751
What are the prime factors of 4589?
13, 353
List the prime factors of 2641.
19, 139
List the prime factors of 2211.
3, 11, 67
What are the prime factors of 660?
2, 3, 5, 11
List the prime factors of 9427.
11, 857